factor of 10 and d.
10
Suppose -t = y - 5, -27 = -3*y + 5*t + 4. Suppose -3*a - l + 21 = 0, -a + 3*l = -2*l - y. What is the highest common factor of 77 and a?
7
Suppose -5*m = -5*f - 10, -m + 1 = -3. Suppose -13*g + 20*g - 98 = 0. Calculate the greatest common divisor of g and f.
2
Let g(i) = 30*i**2 - 2*i - 2. Let s be g(-1). What is the greatest common divisor of 1080 and s?
30
Let k be 1*2*378/12. Let b = 20 - 11. Calculate the greatest common divisor of k and b.
9
Suppose 5*z = -227 + 4852. What is the highest common divisor of 74 and z?
37
Let a = -61 + 96. Suppose -2*v + 4 = 2*z - 42, -3*z = -v + a. What is the highest common divisor of 26 and v?
26
Suppose -4*r = 10*r - 196. Calculate the highest common factor of 126 and r.
14
Let i = 1642 + -1594. What is the highest common factor of 400 and i?
16
Let l = -24 - -170. Suppose -1210 = -k - 4*k. Let b = k - l. Calculate the highest common factor of 64 and b.
32
Suppose 0 = -4*o - u + 135, -2*o + 29*u - 25*u = -54. Calculate the greatest common divisor of 88 and o.
11
Suppose 11*q + 66 = 13*q. Suppose q = 2*r - 0*g - 5*g, 0 = -5*r - 5*g + 135. Calculate the greatest common factor of 12 and r.
12
Let d be 18/(-4)*(-20)/(-30). Let i be 1/((7 + d)/8). Suppose -2*t + 30 = t. Calculate the highest common divisor of t and i.
2
Let f = -6 + 13. Suppose 756 = f*v - 0*v. Calculate the highest common factor of 24 and v.
12
Suppose 0 = -16*l + 15*l + 5. Suppose f - 230 = -4*f + v, -5*v + 200 = l*f. What is the highest common factor of 5 and f?
5
Let z = -18 + 20. Suppose -z = -3*o + 10. Suppose -3*m - 116 = -4*m + 5*i, -o*m - 3*i = -556. Calculate the highest common divisor of 17 and m.
17
Let o(a) = -a - 3. Let b be o(-10). Let n be 52/12 + 2/(-6). Suppose -t + 170 = 2*t - r, n*t - 230 = 3*r. What is the highest common divisor of b and t?
7
Suppose -5*q - 10 = -35. Let b be ((-6)/5)/((-1)/q). Let y = 39 - 9. Calculate the highest common factor of y and b.
6
Suppose 0 = 10*f - 370 - 380. What is the greatest common divisor of 18 and f?
3
Let u = -10 - -28. Let w = -12 - -21. Calculate the greatest common divisor of u and w.
9
Suppose 9 = -a + 4*a. Let y be (-6)/(10/(-2) - -2). Suppose -3*u = -a*x - 24, -2*u + 5*x + 33 = y*u. What is the greatest common factor of 56 and u?
7
Suppose 3*q = 9*q - 60. Suppose 4*x - 30 = q. What is the highest common factor of x and 90?
10
Let q = -664 - -1091. Calculate the greatest common factor of 7 and q.
7
Let k(l) = 10*l**2 - 6. Let y be (-3*(0 + -1))/(-8 + 7). Let n be k(y). Calculate the highest common divisor of n and 21.
21
Let k(a) = -2*a + 4. Suppose -c - 5 = -7. Let s be k(c). Suppose -5*t + s*t = -180. Calculate the greatest common divisor of 9 and t.
9
Let x(d) = -d**2 + 16*d + 19. Let k be (6 + -3)*2/6 + 16. Let g be x(k). Calculate the greatest common divisor of 3 and g.
1
Suppose -3 - 8 = -n. Let j = -11 + n. Suppose 2*h = -3*h - 3*o + 309, 5*h + o - 313 = j. What is the greatest common divisor of h and 9?
9
Let q = -1 + 32. Suppose 2*m = -2*u + 312, -3*m + 124 + 338 = -3*u. Calculate the highest common divisor of q and m.
31
Suppose y - 2*b = 10, -3*y - 5*b - 6 = 19. Suppose -6*m + m = y. Suppose p + 4*t = 64, m*p = p + 2*t - 74. What is the greatest common factor of p and 12?
12
Let n(d) = -5*d - 5*d + 1 + 5*d + 70*d**2 + 25*d**2. Let k be n(2). Calculate the greatest common divisor of 53 and k.
53
Let i = -69 + 70. Let d = -6 + 0. Let r be -1 - (d - 4/(-2)). What is the highest common divisor of i and r?
1
Suppose -14*u - 991 = -4211. What is the greatest common factor of 20 and u?
10
Let c(j) = -j**3 + 14*j**2 + j + 31. Let d be c(14). Calculate the greatest common factor of 50 and d.
5
Suppose -l + 25 = 28, 3*g - 141 = -l. What is the greatest common divisor of 1104 and g?
48
Let p(b) be the first derivative of 2*b**4 - 3*b**2/2 + 3*b - 1. Let l be p(3). Calculate the highest common factor of l and 30.
30
Let x = -1097 - -1100. What is the greatest common divisor of 2 and x?
1
Let g = -19 + 23. Suppose 185 = g*a - 79. What is the greatest common factor of 44 and a?
22
Let y = -81 - -156. Let c be ((-4)/(-5))/(15/y). What is the highest common factor of c and 44?
4
Let g(y) = 24*y + 294. Let u be g(-7). Calculate the greatest common factor of u and 112.
14
Suppose 6*k - 1848 = -1224. Calculate the highest common divisor of 1040 and k.
104
Let b(g) = -2*g**2 - 6*g. Let j be b(-3). Suppose 5*r - 3*s = -j*s + 332, -2*r = -5*s - 148. What is the highest common factor of r and 16?
16
Let q(y) = 3*y - 7 - 2*y**2 + y**2 + 7*y + 2*y**2. Let d be q(6). Let z = -57 + d. Calculate the greatest common divisor of z and 4.
4
Let w(j) = -j**3 - 11*j**2 - 2. Let n be w(-11). Let g be 18/(n + (-5)/(-2)). Calculate the greatest common divisor of 396 and g.
36
Suppose 60 = 132*z - 127*z. Suppose 0 = 3*q - 59 + 11. Calculate the greatest common factor of z and q.
4
Let z(f) = -3*f**3 - 21*f**2 + 3*f + 22. Let l be z(-7). Calculate the highest common factor of 84 and l.
1
Let q be ((-18)/(-5))/(44/2200). What is the highest common factor of q and 420?
60
Let y = -99 - -103. Let r(c) = -3*c. Let i be r(-1). Suppose 2*z = i*x + 23, -3*z + 21 = -y*x - 11. What is the greatest common divisor of 32 and z?
4
Let w be (-2)/4 + 32953/62. What is the greatest common divisor of 9 and w?
9
Let h = -1633 - -2296. What is the greatest common factor of h and 39?
39
Let b(o) = -2*o**2 - 14*o + 24. Let u be b(-7). Let a be 0 + u/(-4) + 4 + 6. Calculate the greatest common divisor of a and 12.
4
Let j = 7 + 147. Let w = j - 91. Suppose w = 5*s - 17. What is the greatest common factor of 4 and s?
4
Suppose -3*k = -0*b - b + 17, 15 = -3*k. Suppose -b*x + 3*x + 74 = 3*a, -a + 18 = -2*x. Suppose o + 52 = 3*o. What is the greatest common divisor of a and o?
26
Let b be (-3 - 7/(-5))*-5. Suppose 2*x = b + 4. Calculate the greatest common divisor of 12 and x.
6
Let s = 39 - 28. Let p be 22 + -2 + -4 + -5. Calculate the highest common divisor of s and p.
11
Suppose 3060 = 9*c + 25*c. What is the greatest common divisor of 20 and c?
10
Let n = -763 + 1204. What is the highest common divisor of 63 and n?
63
Suppose -9*w - 134 = -2*t - 5*w, 5*w = 4*t - 256. Calculate the highest common factor of 944 and t.
59
Suppose -a + 67 = 3*g + 25, 2*g = 2*a + 12. Let z(m) = 7*m**2 + m - 2. Let n be z(-2). What is the greatest common divisor of g and n?
12
Suppose -2*o - 4*j - 5 = j, 0 = 3*o + j - 25. Let i be (-14)/7 + 2 + 4/(-2). Let a be (-8)/3*((5 - i) + -22). Calculate the highest common factor of a and o.
10
Suppose -54 = -2*z - z. Suppose -u - 2*m = -3*u - 22, 5*u + 90 = -2*m. Let r be -4 - (-1 - (-4 - u)). Calculate the highest common factor of z and r.
9
Suppose 0 = 3*n + 4*l - 67, -6*n + 2*n + 52 = -4*l. Suppose 2*a + 2*g = 108, -5*g - 231 = -2*a - 144. Calculate the greatest common factor of n and a.
17
Suppose 4*i + 7 + 17 = 0. Let r be 2/i + (-419)/3. Let j be 5/(r/48 - -3). Calculate the greatest common divisor of j and 24.
12
Suppose -5*w + 204 + 16 = 0. Let x(a) = -a**2 - 8*a + 10. Let k be x(-9). Let d = 3 + k. What is the greatest common divisor of d and w?
4
Let r(q) = 5*q - 2. Let o = 9 + -12. Let x be o - (-3 - 0) - -2. Let l be r(x). Calculate the greatest common factor of 64 and l.
8
Let t be (-72)/(-30) + (-6)/(-10). Suppose -4*x = -t*x - 5. Suppose -x*n = -3*n - 8. Calculate the greatest common divisor of n and 20.
4
Suppose -87*v + 76*v = -132. Let p be 22/(1/6*1). Calculate the greatest common factor of p and v.
12
Let g(o) = -116*o - 7. Let t be g(-2). Suppose 0*x + 2*x = 50. What is the highest common divisor of x and t?
25
Suppose 18*h - 1057 - 113 = 0. Calculate the greatest common factor of h and 845.
65
Suppose 3*d + f = 1150, -6*d + 1148 = -3*d + 2*f. Calculate the greatest common divisor of d and 12.
12
Let s(w) = 4*w**2 - 7*w + 1. Let p be s(3). Let a be (4868/32 - -1) + (-2)/p. Let c = -39 - -56. Calculate the highest common divisor of c and a.
17
Let j be 5/(-20) - (135/54)/((-4)/202). Suppose 26 = g - 3*p, 13 = 2*g - 3*p - 27. What is the greatest common divisor of g and j?
14
Suppose -5643 = -14*c + 27. Calculate the greatest common divisor of 60 and c.
15
Let s be (-256)/(-26) + (-3)/(117/(-6)). What is the highest common divisor of s and 230?
10
Let j(k) = 32*k +